053690 a multiple of 62?
True
Is 41 a factor of 25988?
False
Is 1872750 a multiple of 22?
True
Is 309 a factor of 1303439?
False
Is 85 a factor of 145962?
False
Is 1006436 a multiple of 27?
False
Is 1345249 a multiple of 611?
False
Does 10 divide 881603?
False
Is 411156 a multiple of 36?
True
Is 36 a factor of 2977859?
False
Does 422 divide 2532844?
True
Is 84992 a multiple of 9?
False
Does 412 divide 1725458?
False
Is 24 a factor of 658560?
True
Is 29 a factor of 195165?
False
Does 433 divide 3586903?
False
Does 23 divide 186874?
False
Does 179 divide 155193?
True
Is 3 a factor of 61395?
True
Does 268 divide 151688?
True
Does 38 divide 149986?
True
Does 298 divide 9346259?
False
Does 10 divide 1843100?
True
Is 20801 a multiple of 61?
True
Does 162 divide 241056?
True
Does 150 divide 6182923?
False
Is 147 a factor of 93551?
False
Does 15 divide 5670?
True
Does 14 divide 181916?
True
Does 585 divide 7912014?
False
Is 35 a factor of 97737?
False
Is 33 a factor of 306372?
True
Does 40 divide 334880?
True
Is 244512 even?
True
Does 4 divide 1008931?
False
Is 26 a factor of 4593108?
True
Is 259 a factor of 9537953?
False
Is 19230 a multiple of 2?
True
Does 75 divide 75939?
False
Is 201 a factor of 1681365?
True
Is 115825 a multiple of 21?
False
Is 668 a factor of 14295583?
False
Is 1340325 a multiple of 31?
False
Is 184768 a multiple of 311?
False
Is 1030142 a multiple of 339?
False
Does 24 divide 336477?
False
Does 157 divide 43803?
True
Is 308045 a multiple of 99?
False
Is 51 a factor of 12366673?
False
Does 331 divide 1273357?
True
Is 162 a factor of 281101?
False
Does 517 divide 26367?
True
Is 577 a multiple of 14?
False
Is 952167 a multiple of 78?
False
Is 3820404 a multiple of 152?
False
Is 9429545 a multiple of 7?
False
Is 125768 a multiple of 398?
True
Is 2410592 a multiple of 71?
True
Is 1819155 a multiple of 57?
True
Is 47 a factor of 18526?
False
Does 19 divide 15471396?
True
Is 41 a factor of 728085?
False
Does 16 divide 9117600?
True
Is 83 a factor of 2233179?
False
Is 82454 a multiple of 4?
False
Does 52 divide 591461?
False
Does 265 divide 1862843?
False
Is 695436 a multiple of 42?
True
Is 10739760 a multiple of 20?
True
Is 12126 a multiple of 23?
False
Does 8 divide 3743928?
True
Is 13 a factor of 5928?
True
Is 20 a factor of 19327567?
False
Does 96 divide 153984?
True
Is 190896 a multiple of 18?
False
Is 1606380 a multiple of 5?
True
Is 164450 a multiple of 299?
True
Is 6 a factor of 5562732?
True
Is 2921472 a multiple of 2?
True
Is 190522 a multiple of 120?
False
Is 40899 even?
False
Is 164 a factor of 534394?
False
Is 1390 a factor of 1364980?
True
Does 19 divide 69103?
True
Is 28 a factor of 631286?
False
Is 126066 a multiple of 9?
False
Does 10 divide 1264670?
True
Is 130 a factor of 3100760?
True
Does 1321 divide 22127308?
False
Does 144 divide 30672?
True
Does 19 divide 22597?
False
Is 427708 a multiple of 29?
False
Is 9 a factor of 904734?
True
Is 13 a factor of 4511?
True
Is 3 a factor of 580?
False
Does 368 divide 160448?
True
Does 48 divide 358811?
False
Is 53 a factor of 1240730?
True
Is 2341350 a multiple of 11?
True
Does 42 divide 507372?
False
Is 8 a factor of 23791478?
False
Does 45 divide 45225?
True
Is 4868984 a multiple of 62?
True
Does 39 divide 502076?
False
Is 13204628 a multiple of 134?
True
Is 3 a factor of 114129?
True
Is 500 a factor of 27424576?
False
Is 1145 a factor of 5151355?
True
Does 17 divide 220813?
True
Is 165385 a multiple of 27?
False
Does 553 divide 1143105?
False
Is 8 a factor of 120064?
True
Is 222180 a multiple of 105?
True
Does 16 divide 129776?
True
Is 93 a factor of 2293938?
True
Is 1216110 a multiple of 21?
True
Is 2 a factor of 62382?
True
Is 7 a factor of 154407?
False
Does 4 divide 95992?
True
Is 8 a factor of 885091?
False
Is 19649610 a multiple of 171?
True
Is 55 a factor of 256497?
False
Is 43 a factor of 3218765?
True
Is 1274449 a multiple of 259?
False
Does 482 divide 171110?
True
Does 97 divide 434948?
True
Is 222 a factor of 1503828?
True
Does 689 divide 857719?
False
Is 38710 a multiple of 10?
True
Does 37 divide 208088?
True
Is 20841221 a multiple of 164?
False
Is 123 a factor of 7174?
False
Is 79 a factor of 1780739?
True
Is 4503632 a multiple of 2036?
True
Is 94724 a multiple of 476?
True
Is 518 a factor of 520623?
False
Is 679347 a multiple of 174?
False
Is 479 a factor of 589649?
True
Is 19 a factor of 1265932?
True
Is 18606 even?
True
Is 1057864 a multiple of 8?
True
Is 904367 a multiple of 169?
False
Is 1382736 a multiple of 298?
False
Does 33 divide 2213048?
False
Is 4152240 a multiple of 9?
True
Is 104 a factor of 19748?
False
Does 12 divide 9653197?
False
Is 41146 a multiple of 8?
False
Is 20345 a multiple of 38?
False
Is 114 a factor of 1100539?
False
Is 65 a factor of 496291?
False
Is 7537236 a multiple of 331?
False
Is 303 a factor of 4296801?
False
Is 42219 a multiple of 9?
True
Does 132 divide 204468?
True
Is 108718 a multiple of 38?
True
Is 2612299 a multiple of 29?
False
Is 1690110 a multiple of 890?
True
Is 23 a factor of 7245?
True
Does 7 divide 2013718?
True
Does 3 divide 1727337?
True
Does 101 divide 1049087?
True
Does 15 divide 1448797?
False
Is 1684443 a multiple of 210?
False
Is 62 a factor of 260806?
False
Does 5 divide 311243?
False
Is 46 a factor of 16150?
False
Does 17 divide 3200692?
True
Does 284 divide 200358?
False
Does 27 divide 474741?
True
Is 18 a factor of 1212516?
True
Does 210 divide 1584030?
True
Is 2837096 a multiple of 5?
False
Is 12 a factor of 206140?
False
Is 13 a factor of 67795?
True
Is 838180 a multiple of 70?
True
Is 1152877 a multiple of 19?
False
Is 1265 a factor of 17712530?
True
Is 5679052 a multiple of 133?
False
Is 3074124 a multiple of 278?
True
Is 1641168 a multiple of 16?
True
Is 61 a factor of 88908?
False
Does 63 divide 2257731?
True
Does 196 divide 161504?
True
Does 32 divide 544430?
False
Does 10 divide 1290760?
True
Is 229931 a multiple of 23?
True
Does 10 divide 2792?
False
Does 46 divide 145201?
False
Does 6 divide 594623?
False
Is 143 a factor of 417363?
False
Is 2 a factor of 28477?
False
Is 261858 a multiple of 36?
False
Is 6578944 a multiple of 64?
True
Is 4112658 a multiple of 285?
False
Does 280 divide 7246510?
False
Does 27 divide 8551?
False
Does 10 divide 718370?
True
Is 756 a factor of 1619352?
True
Is 51 a factor of 545682?
False
Is 118373 a multiple of 13?
False
Does 24 divide 72481?
False
Does 112 divide 814140?
False
Is 310 a factor of 10540?
True
Is 6 a factor of 199998?
True
Is 834707 a multiple of 21?
False
Is 10370646 a multiple of 306?
True
Is 273 a factor of 498640?
False
Is 353920 a multiple of 80?
True
Does 91 divide 82446?
True
Is 4923811 a multiple of 505?
False
Does 45 divide 4639725?
True
Is 33 a factor of 30492?
True
Is 7 a factor of 448843?
False
Is 20 a factor of 195295?
False
Is 526295 a multiple of 41?
False
Is 155918 a multiple of 98?
True
Is 426 a factor of 9669348?
True
Does 34 divide 154101?
False
Is 9 a factor of 783747?
True
Is 1021266 a multiple of 20?
False
Is 394085 a multiple of 12?
False
Is 32 a factor of 8718?
False
Is 413095 a multiple of 141?
False
Does 14 divide 514501?
False
Is 178 a factor of 280153?
False
Is 27072 a multiple of 72?
True
Does 35 divide 65308?
False
Is 1005904 a multiple of 16?
True
Is 3846640 a multiple of 10?
True
Is 150109 a multiple of 30?
False
Is 962149 a multiple of 17?
True
Is 407 a factor of 4121898?
False
Does 12 divide 120888?
True
Is 73 a factor of 425882?
True
Is 46089 a multiple of 9?
True
Does 659 divide 2946389?
True
Does 200 divide 352600?
True
Does 44 divide 67012?
True
Does 357 divide 300594?
True
Does 65 divide 91260?
True
Is 3380295 a multiple of 5?
True
Is 499077 even?
False
Is 802311 a multiple of 3?
True
Does 584 divide 8409016?
True
Is 42 a factor of 2024232?
True
Is 70 a factor of 3369831?
False
Is 20 a factor of 1155540?
True
Is 49 a factor of 94423?
True
Is 139431 a multiple of 73?
False
Is 15 a factor of 3030180?
True
Does 47 divide 345732?
True
Is 29 a factor of 19865?
True
Does 31 divide 1045014?
False
Does 164 divide 386712?
True
Is 204 a factor of 246432?
True
Is 915407 a multiple of 78?
False
Is 12 a factor of 1373629?
False
Does 32 divide 909258?
False
Does 428 divide 2384185?
False
Is 379 a factor of 47375?
True